what is -26 - -3?
-23
In base 10, what is 124 + -4?
120
In base 9, what is -5 + -2266?
-2272
In base 9, what is 4 - -1006?
1011
In base 11, what is 44 - 12?
32
In base 14, what is 12 + -16?
-4
In base 4, what is -3 + 13?
10
In base 12, what is -4bb7 - 1?
-4bb8
In base 11, what is -17 + 1a?
3
In base 16, what is c6 + -4?
c2
In base 16, what is -389 + 3?
-386
In base 13, what is 4 + 31?
35
In base 11, what is -9a + -7?
-a6
In base 8, what is -4 + -101?
-105
In base 10, what is 101 + 37?
138
In base 3, what is 1222220 + 1?
1222221
In base 16, what is -18a + 3?
-187
In base 15, what is 4 + 31?
35
In base 2, what is 10011 - -101?
11000
In base 10, what is -67 + -10?
-77
In base 15, what is 111 - 3?
10d
In base 15, what is -a - -ab?
a1
In base 12, what is 132 - 21?
111
In base 7, what is -2 + -13?
-15
In base 6, what is -51314 - 1?
-51315
In base 14, what is -c0 + 0?
-c0
In base 12, what is -4 + -8b?
-93
In base 6, what is 1443 + -31?
1412
In base 9, what is -2 + 175?
173
In base 6, what is 2141 + -3?
2134
In base 2, what is 10101011 + 1?
10101100
In base 4, what is -20 + -23312?
-23332
In base 3, what is 211002 + -2?
211000
In base 13, what is -10 - -285?
275
In base 13, what is 33 - -75?
a8
In base 5, what is -3 - -41?
33
In base 7, what is -3 - 530?
-533
In base 8, what is 40 - 3?
35
In base 2, what is 110001 + -1010?
100111
In base 9, what is -82 + 52?
-30
In base 3, what is -210100 - 211?
-211011
In base 16, what is -1ab - 3?
-1ae
In base 2, what is -111100 - 11?
-111111
In base 2, what is -11 + 100000?
11101
In base 11, what is -1125 - -1?
-1124
In base 4, what is 2 + 10?
12
In base 6, what is 4200 + -2?
4154
In base 15, what is -12 - 157?
-169
In base 10, what is 5 + -2398?
-2393
In base 3, what is -11 + -102?
-120
In base 8, what is -1 + 212?
211
In base 9, what is -241 - 1?
-242
In base 9, what is 5 + -8543?
-8537
In base 10, what is 18 - 681?
-663
In base 13, what is 220 - -20?
240
In base 15, what is 12 - 29?
-17
In base 5, what is 14002 + 1?
14003
In base 8, what is 1776 - -1?
1777
In base 8, what is -3 + -14?
-17
In base 9, what is -324 + 1?
-323
In base 16, what is 9 - -35?
3e
In base 5, what is 1042 + 10?
1102
In base 8, what is 17 - 46?
-27
In base 7, what is -4 + 40?
33
In base 14, what is 0 + 1479?
1479
In base 15, what is 429 - -2?
42b
In base 9, what is 30 + -543?
-513
In base 12, what is -176 - -3b?
-137
In base 3, what is -1222222210 - 11?
-1222222221
In base 4, what is 203210 - 0?
203210
In base 6, what is 4 + 3231?
3235
In base 13, what is 0 - -175?
175
In base 11, what is -485 - -2?
-483
In base 12, what is 4 + -4a?
-46
In base 6, what is 0 + 34?
34
In base 4, what is 112031 + -1?
112030
In base 13, what is -5 - 144?
-149
In base 5, what is 10 + 1411?
1421
In base 11, what is 2 - 10?
-9
In base 2, what is -100 - -11101100?
11101000
In base 9, what is -1 + 4011?
4010
In base 12, what is 5 + -46?
-41
In base 5, what is -10 + -141?
-201
In base 15, what is -53e0 + -5?
-53e5
In base 16, what is -2 - 21?
-23
In base 16, what is 2 - 13f1?
-13ef
In base 5, what is -2 + 434?
432
In base 12, what is 2 - a2?
-a0
In base 10, what is -9 + -73?
-82
In base 11, what is 1049 - -5?
1053
In base 3, what is -10122202 + -1?
-10122210
In base 6, what is -5 + -1050?
-1055
In base 8, what is -105 + -5?
-112
In base 5, what is 40 + 112?
202
In base 8, what is 10 - -44?
54
In base 12, what is 26 - -2?
28
In base 12, what is -94 - -2?
-92
In base 8, what is 11 - 453?
-442
In base 7, what is -3312 - -4?
-3305
In base 4, what is 2300103 - 0?
2300103
In base 3, what is 2101 - 2201?
-100
In base 11, what is 6 - 878?
-872
In base 16, what is -1 + 1a79?
1a78
In base 16, what is -c - -63?
57
In base 4, what is -33 + 3?
-30
In base 5, what is -1 - -34?
33
In base 13, what is -363 - 3?
-366
In base 2, what is -1010 - 11001100?
-11010110
In base 8, what is -5657 - -4?
-5653
In base 7, what is -213 + -3?
-216
In base 11, what is -6515 - 1?
-6516
In base 16, what is -118 - -5?
-113
In base 5, what is -4 + -233?
-242
In base 4, what is 20131 - -22?
20213
In base 7, what is -26 - 5?
-34
In base 4, what is -31032 - 113?
-31211
In base 13, what is 6 + -7?
-1
In base 12, what is 654 - 1?
653
In base 3, what is 1 - -2020211?
2020212
In base 8, what is -4 - -10124?
10120
In base 9, what is -165 - 31?
-206
In base 2, what is 11010 - 1010111?
-111101
In base 5, what is 33 + -402?
-314
In base 3, what is 0 - 1002?
-1002
In base 9, what is 56 - -344?
411
In base 6, what is -33 + 151?
114
In base 5, what is -22144 - 3?
-22202
In base 7, what is 24 - 64?
-40
In base 2, what is -1100101000 + -101001?
-1101010001
In base 11, what is a3 - 4?
9a
In base 14, what is 102 - 1d?
c3
In base 14, what is -6 + 7?
1
In base 10, what is 4 - -55?
59
In base 11, what is -2 - 201?
-203
In base 2, what is 0 + 11000011110?
11000011110
In base 11, what is 4 - -8?
11
In base 10, what is -2 + 4?
2
In base 2, what is -10111011011100 + 0?
-10111011011100
In base 15, what is -3a + -1?
-3b
In base 4, what is 2 - 23?
-21
In base 3, what is -10 - -21111020?
21111010
In base 16, what is -5 - 1a5?
-1aa
In base 2, what is 100111 + 100001?
1001000
In base 7, what is -3 - 12?
-15
In base 7, what is 501 - 1?
500
In base 10, what is 4 + -163?
-159
In base 7, what is 3 + 26526?
26532
In base 11, what is -3 - 6?
-9
In base 8, what is -2 + -2?
-4
In base 13, what is -1a - 17?
-34
In base 12, what is 7 - 9?
-2
In base 4, what is 3 + 1010?
1013
In base 14, what is -16 - -2b5?
29d
In base 8, what is 4 + 3377?
3403
In base 13, what is 2cc - 2?
2ca
In base 6, what is 5 + -31?
-22
In base 7, what is -4 + 34?
30
In base 9, what is -1 + -487?
-488
In base 6, what is -21 - 120?
-141
In base 16, what is -fc + -4?
-100
In base 2, what is -10 - -11011000111?
11011000101
In base 12, what is 2 + 30?
32
In base 12, what is 174 + 43?
1b7
In base 11, what is 22 + 4a?
71
In base 2, what is -10001 - 10110010?
-11000011
In base 2, what is 10 + 11111?
100001
In base 13, what is -7b14 + -4?
-7b18
In base 2, what is -1010100 + 10000?
-1000100
In base 12, what is 171 - -4?
175
In base 11, what is 25 + -3?
22
In base 7, what is 10 - 1011?
-1001
In base 12, what is -a - 662?
-670
In base 14, what is -294 + 4?
-290
In base 2, what is -101101001 - 0?
-101101001
In base 12, what is 8 - 41?
-35
In base 15, what is 2772 + -2?
2770
In base 15, what is -c + -12?
-1e
In base 13, what is -4 + bba?
bb6
In base 5, what is -1 + -120?
-121
In base 9, what is 1 - -2214?
2215
In base 5, what is 2 - 241?
-234
In base 14, what is 3 + 315b?
3160
In base 7, what is -345 - -3?
-342
In base 7, what is 11 + -266?
-255
In base 13, what is 82 - -5?
87
In base 7, what is -3 + 156?
153
In base 14, what is -2 - 88?
-8a
In base 9, what is -124 - 0?
-124
In base 8, what is -11 + 76?
65
In base 4, what is 3 + 231303?
231312
In base 15, what is -2a7 - 1?
-2a8
In base 10, what is 8 - -5?
13
In base 11, what is 3 - 56?
-53
In base 9, what is -2274 - -5?
-2268
In base 14, what is -2b - -14?
-17
In base 16, what is 1 + -73c?
-73b
In base 3, what is -11201 + -2021?
-20222
In base 12, what is 3 - 7?
-4
In base 10, what is 118 - 1?
117
In base 3, what is 1021 + -2000?
-202
In base 4, what is 201 + 22?
223
In base 6, what is -301022 - 0?
-301022
In base 6, what is 0 - -305?
305
In base 4, what is 221 - 11?
210
In base 3, what is 1 + -1001010?
-1001002
In base 5, what is -1 - 10321?
-10322
In base 15, what is 1749 - -4?
174d
In base 2, what is -11 - -10001110?
10001011
In base 5, what is -102 + 10?
-42
In base 11, what is -7 + -367?
-373
In base 2, what is -11000101 - 100?
-11001001
In base 10, what is 2 + 5970?
5972
In base 14, what is -2 - ac?
-b0
In base 10, what is -1 + -82?
-83
In base 2, what is 101 - 10011011?
-10010110
In base 9, what is -4 - 1002?
-1006
In base 3, what is -2 - -1201212?
1201210
In base 2, what is 10011111011 - 101?
10011110110
In base 11, what is 0 + 27?
27
In base 7, what is -1 + 21?
20
In base 13, what is -6 - -333?
32a
In base 6, what is -2 - -244?
242
In base 12, what is 2 - -64?
66
In base 13, what is 15 - 2b?
-16
In base 11, what is 13 + -12?
1
In base 14, what is -5 - 13?
-18
In base 2, what is -101001001100 + -1?
-101001001101
In base 11, what is -40 - 28?
-68
In base 3, what is -22110 - 11?
-22121
In base 5, what is -12 + 2?
-10
In base